{"id":67,"date":"2025-09-04T20:08:38","date_gmt":"2025-09-04T18:08:38","guid":{"rendered":"https:\/\/espacesud.fr\/defi\/?page_id=67"},"modified":"2025-09-08T23:52:11","modified_gmt":"2025-09-08T21:52:11","slug":"contacts","status":"publish","type":"page","link":"https:\/\/espacesud.fr\/defi\/contacts\/","title":{"rendered":"Contacts"},"content":{"rendered":"\t\t<div data-elementor-type=\"wp-page\" data-elementor-id=\"67\" class=\"elementor elementor-67\" data-elementor-post-type=\"page\">\n\t\t\t\t<div class=\"elementor-element elementor-element-33bb151f e-flex e-con-boxed e-con e-parent\" data-id=\"33bb151f\" data-element_type=\"container\" data-e-type=\"container\" data-settings=\"{&quot;background_background&quot;:&quot;classic&quot;}\">\n\t\t\t\t\t<div class=\"e-con-inner\">\n\t\t\t\t<div class=\"elementor-element elementor-element-722b2a5 elementor-widget elementor-widget-heading\" data-id=\"722b2a5\" data-element_type=\"widget\" data-e-type=\"widget\" data-widget_type=\"heading.default\">\n\t\t\t\t\t<h1 class=\"elementor-heading-title elementor-size-default\">Contactez-nous<\/h1>\t\t\t\t<\/div>\n\t\t\t\t<div class=\"elementor-element elementor-element-19844feb elementor-widget elementor-widget-heading\" data-id=\"19844feb\" data-element_type=\"widget\" data-e-type=\"widget\" data-widget_type=\"heading.default\">\n\t\t\t\t\t<h5 class=\"elementor-heading-title elementor-size-default\">Service Biodiversit\u00e9 et valorisation du territoire - Direction de l'\u00c9cologie<br>DGA Environnement et transition \u00e9cologique<br>- Espace Sud -<br><br>0596.62.53.53 - Poste 1238<br>sabine.mikart@espacesud.fr<\/h5>\t\t\t\t<\/div>\n\t\t\t\t<div class=\"elementor-element elementor-element-10cf0e2 elementor-button-align-stretch elementor-widget elementor-widget-form\" data-id=\"10cf0e2\" data-element_type=\"widget\" data-e-type=\"widget\" data-settings=\"{&quot;step_next_label&quot;:&quot;Suivant&quot;,&quot;step_previous_label&quot;:&quot;Pr\\u00e9c\\u00e9dent&quot;,&quot;button_width&quot;:&quot;100&quot;,&quot;step_type&quot;:&quot;number_text&quot;,&quot;step_icon_shape&quot;:&quot;circle&quot;}\" data-widget_type=\"form.default\">\n\t\t\t\t\t\t\t<form class=\"elementor-form\" method=\"post\" name=\"Nouveau formulaire\" aria-label=\"Nouveau formulaire\">\n\t\t\t<input type=\"hidden\" name=\"post_id\" value=\"67\"\/>\n\t\t\t<input type=\"hidden\" name=\"form_id\" value=\"10cf0e2\"\/>\n\t\t\t<input type=\"hidden\" name=\"referer_title\" value=\"Contacts | Le d\u00e9fi familles\" \/>\n\n\t\t\t\t\t\t\t<input type=\"hidden\" name=\"queried_id\" value=\"67\"\/>\n\t\t\t\n\t\t\t<div class=\"elementor-form-fields-wrapper elementor-labels-above\">\n\t\t\t\t\t\t\t\t<div class=\"elementor-field-type-text elementor-field-group elementor-column elementor-field-group-name elementor-col-100\">\n\t\t\t\t\t\t\t\t\t\t\t\t<label for=\"form-field-name\" class=\"elementor-field-label\">\n\t\t\t\t\t\t\t\tNom\t\t\t\t\t\t\t<\/label>\n\t\t\t\t\t\t\t\t\t\t\t\t\t\t<input size=\"1\" type=\"text\" name=\"form_fields[name]\" id=\"form-field-name\" class=\"elementor-field elementor-size-sm  elementor-field-textual\" placeholder=\"Nom\">\n\t\t\t\t\t\t\t\t\t\t\t<\/div>\n\t\t\t\t\t\t\t\t<div class=\"elementor-field-type-email elementor-field-group elementor-column elementor-field-group-email elementor-col-100 elementor-field-required\">\n\t\t\t\t\t\t\t\t\t\t\t\t<label for=\"form-field-email\" class=\"elementor-field-label\">\n\t\t\t\t\t\t\t\tE-mail\t\t\t\t\t\t\t<\/label>\n\t\t\t\t\t\t\t\t\t\t\t\t\t\t<input size=\"1\" type=\"email\" name=\"form_fields[email]\" id=\"form-field-email\" class=\"elementor-field elementor-size-sm  elementor-field-textual\" placeholder=\"E-mail\" required=\"required\">\n\t\t\t\t\t\t\t\t\t\t\t<\/div>\n\t\t\t\t\t\t\t\t<div class=\"elementor-field-type-textarea elementor-field-group elementor-column elementor-field-group-message elementor-col-100\">\n\t\t\t\t\t\t\t\t\t\t\t\t<label for=\"form-field-message\" class=\"elementor-field-label\">\n\t\t\t\t\t\t\t\tMessage\t\t\t\t\t\t\t<\/label>\n\t\t\t\t\t\t<textarea class=\"elementor-field-textual elementor-field  elementor-size-sm\" name=\"form_fields[message]\" id=\"form-field-message\" rows=\"4\" placeholder=\"Message\"><\/textarea>\t\t\t\t<\/div>\n\t\t\t\t\t\t\t\t<div class=\"elementor-field-group elementor-column elementor-field-type-submit elementor-col-100 e-form__buttons\">\n\t\t\t\t\t<button class=\"elementor-button elementor-size-sm\" type=\"submit\">\n\t\t\t\t\t\t<span class=\"elementor-button-content-wrapper\">\n\t\t\t\t\t\t\t\t\t\t\t\t\t\t\t\t\t\t\t\t\t\t<span class=\"elementor-button-text\">Envoyer<\/span>\n\t\t\t\t\t\t\t\t\t\t\t\t\t<\/span>\n\t\t\t\t\t<\/button>\n\t\t\t\t<\/div>\n\t\t\t<\/div>\n\t\t<\/form>\n\t\t\t\t\t\t<\/div>\n\t\t\t\t\t<\/div>\n\t\t\t\t<\/div>\n\t\t\t\t<\/div>\n\t\t","protected":false},"excerpt":{"rendered":"<p>Contactez-nous Service Biodiversit\u00e9 et valorisation du territoire &#8211; Direction de l&#8217;\u00c9cologieDGA Environnement et transition \u00e9cologique&#8211; Espace Sud &#8211; 0596.62.53.53 &#8211; Poste 1238sabine.mikart@espacesud.fr<\/p>\n","protected":false},"author":3,"featured_media":0,"parent":0,"menu_order":0,"comment_status":"closed","ping_status":"closed","template":"","meta":{"footnotes":""},"class_list":["post-67","page","type-page","status-publish","hentry"],"yoast_head":"<!-- This site is optimized with the Yoast SEO plugin v27.3 - https:\/\/yoast.com\/product\/yoast-seo-wordpress\/ -->\n<title>Contacts - Le d\u00e9fi familles<\/title>\n<meta name=\"robots\" content=\"index, follow, max-snippet:-1, max-image-preview:large, max-video-preview:-1\" \/>\n<link rel=\"canonical\" href=\"https:\/\/espacesud.fr\/defi\/contacts\/\" \/>\n<meta property=\"og:locale\" content=\"fr_FR\" \/>\n<meta property=\"og:type\" content=\"article\" \/>\n<meta property=\"og:title\" content=\"Contacts - Le d\u00e9fi familles\" \/>\n<meta property=\"og:description\" content=\"Contactez-nous Service Biodiversit\u00e9 et valorisation du territoire &#8211; Direction de l&#8217;\u00c9cologieDGA Environnement et transition \u00e9cologique&#8211; Espace Sud &#8211; 0596.62.53.53 &#8211; Poste 1238sabine.mikart@espacesud.fr\" \/>\n<meta property=\"og:url\" content=\"https:\/\/espacesud.fr\/defi\/contacts\/\" \/>\n<meta property=\"og:site_name\" content=\"Le d\u00e9fi familles\" \/>\n<meta property=\"article:modified_time\" content=\"2025-09-08T21:52:11+00:00\" \/>\n<meta name=\"twitter:card\" content=\"summary_large_image\" \/>\n<meta name=\"twitter:label1\" content=\"Dur\u00e9e de lecture estim\u00e9e\" \/>\n\t<meta name=\"twitter:data1\" content=\"1 minute\" \/>\n<script type=\"application\/ld+json\" class=\"yoast-schema-graph\">{\"@context\":\"https:\\\/\\\/schema.org\",\"@graph\":[{\"@type\":\"WebPage\",\"@id\":\"https:\\\/\\\/espacesud.fr\\\/defi\\\/contacts\\\/\",\"url\":\"https:\\\/\\\/espacesud.fr\\\/defi\\\/contacts\\\/\",\"name\":\"Contacts - Le d\u00e9fi familles\",\"isPartOf\":{\"@id\":\"https:\\\/\\\/espacesud.fr\\\/defi\\\/#website\"},\"datePublished\":\"2025-09-04T18:08:38+00:00\",\"dateModified\":\"2025-09-08T21:52:11+00:00\",\"breadcrumb\":{\"@id\":\"https:\\\/\\\/espacesud.fr\\\/defi\\\/contacts\\\/#breadcrumb\"},\"inLanguage\":\"fr-FR\",\"potentialAction\":[{\"@type\":\"ReadAction\",\"target\":[\"https:\\\/\\\/espacesud.fr\\\/defi\\\/contacts\\\/\"]}]},{\"@type\":\"BreadcrumbList\",\"@id\":\"https:\\\/\\\/espacesud.fr\\\/defi\\\/contacts\\\/#breadcrumb\",\"itemListElement\":[{\"@type\":\"ListItem\",\"position\":1,\"name\":\"Accueil\",\"item\":\"https:\\\/\\\/espacesud.fr\\\/defi\\\/\"},{\"@type\":\"ListItem\",\"position\":2,\"name\":\"Contacts\"}]},{\"@type\":\"WebSite\",\"@id\":\"https:\\\/\\\/espacesud.fr\\\/defi\\\/#website\",\"url\":\"https:\\\/\\\/espacesud.fr\\\/defi\\\/\",\"name\":\"Le d\u00e9fi familles\",\"description\":\"Programme d&#039;\u00e9ducation alimentaire sur le &quot;bien et mieux manger local&quot;. Nous valorisons la production locale issue de l&#039;agriculture responsable et oeuvrons pour la lutte contre le gaspillage alimentaire.\",\"publisher\":{\"@id\":\"https:\\\/\\\/espacesud.fr\\\/defi\\\/#organization\"},\"potentialAction\":[{\"@type\":\"SearchAction\",\"target\":{\"@type\":\"EntryPoint\",\"urlTemplate\":\"https:\\\/\\\/espacesud.fr\\\/defi\\\/?s={search_term_string}\"},\"query-input\":{\"@type\":\"PropertyValueSpecification\",\"valueRequired\":true,\"valueName\":\"search_term_string\"}}],\"inLanguage\":\"fr-FR\"},{\"@type\":\"Organization\",\"@id\":\"https:\\\/\\\/espacesud.fr\\\/defi\\\/#organization\",\"name\":\"Le d\u00e9fi familles\",\"url\":\"https:\\\/\\\/espacesud.fr\\\/defi\\\/\",\"logo\":{\"@type\":\"ImageObject\",\"inLanguage\":\"fr-FR\",\"@id\":\"https:\\\/\\\/espacesud.fr\\\/defi\\\/#\\\/schema\\\/logo\\\/image\\\/\",\"url\":\"https:\\\/\\\/espacesud.fr\\\/defi\\\/wp-content\\\/uploads\\\/sites\\\/16\\\/2025\\\/09\\\/logo.jpg\",\"contentUrl\":\"https:\\\/\\\/espacesud.fr\\\/defi\\\/wp-content\\\/uploads\\\/sites\\\/16\\\/2025\\\/09\\\/logo.jpg\",\"width\":407,\"height\":250,\"caption\":\"Le d\u00e9fi familles\"},\"image\":{\"@id\":\"https:\\\/\\\/espacesud.fr\\\/defi\\\/#\\\/schema\\\/logo\\\/image\\\/\"}}]}<\/script>\n<!-- \/ Yoast SEO plugin. -->","yoast_head_json":{"title":"Contacts - Le d\u00e9fi familles","robots":{"index":"index","follow":"follow","max-snippet":"max-snippet:-1","max-image-preview":"max-image-preview:large","max-video-preview":"max-video-preview:-1"},"canonical":"https:\/\/espacesud.fr\/defi\/contacts\/","og_locale":"fr_FR","og_type":"article","og_title":"Contacts - Le d\u00e9fi familles","og_description":"Contactez-nous Service Biodiversit\u00e9 et valorisation du territoire &#8211; Direction de l&#8217;\u00c9cologieDGA Environnement et transition \u00e9cologique&#8211; Espace Sud &#8211; 0596.62.53.53 &#8211; Poste 1238sabine.mikart@espacesud.fr","og_url":"https:\/\/espacesud.fr\/defi\/contacts\/","og_site_name":"Le d\u00e9fi familles","article_modified_time":"2025-09-08T21:52:11+00:00","twitter_card":"summary_large_image","twitter_misc":{"Dur\u00e9e de lecture estim\u00e9e":"1 minute"},"schema":{"@context":"https:\/\/schema.org","@graph":[{"@type":"WebPage","@id":"https:\/\/espacesud.fr\/defi\/contacts\/","url":"https:\/\/espacesud.fr\/defi\/contacts\/","name":"Contacts - Le d\u00e9fi familles","isPartOf":{"@id":"https:\/\/espacesud.fr\/defi\/#website"},"datePublished":"2025-09-04T18:08:38+00:00","dateModified":"2025-09-08T21:52:11+00:00","breadcrumb":{"@id":"https:\/\/espacesud.fr\/defi\/contacts\/#breadcrumb"},"inLanguage":"fr-FR","potentialAction":[{"@type":"ReadAction","target":["https:\/\/espacesud.fr\/defi\/contacts\/"]}]},{"@type":"BreadcrumbList","@id":"https:\/\/espacesud.fr\/defi\/contacts\/#breadcrumb","itemListElement":[{"@type":"ListItem","position":1,"name":"Accueil","item":"https:\/\/espacesud.fr\/defi\/"},{"@type":"ListItem","position":2,"name":"Contacts"}]},{"@type":"WebSite","@id":"https:\/\/espacesud.fr\/defi\/#website","url":"https:\/\/espacesud.fr\/defi\/","name":"Le d\u00e9fi familles","description":"Programme d&#039;\u00e9ducation alimentaire sur le &quot;bien et mieux manger local&quot;. Nous valorisons la production locale issue de l&#039;agriculture responsable et oeuvrons pour la lutte contre le gaspillage alimentaire.","publisher":{"@id":"https:\/\/espacesud.fr\/defi\/#organization"},"potentialAction":[{"@type":"SearchAction","target":{"@type":"EntryPoint","urlTemplate":"https:\/\/espacesud.fr\/defi\/?s={search_term_string}"},"query-input":{"@type":"PropertyValueSpecification","valueRequired":true,"valueName":"search_term_string"}}],"inLanguage":"fr-FR"},{"@type":"Organization","@id":"https:\/\/espacesud.fr\/defi\/#organization","name":"Le d\u00e9fi familles","url":"https:\/\/espacesud.fr\/defi\/","logo":{"@type":"ImageObject","inLanguage":"fr-FR","@id":"https:\/\/espacesud.fr\/defi\/#\/schema\/logo\/image\/","url":"https:\/\/espacesud.fr\/defi\/wp-content\/uploads\/sites\/16\/2025\/09\/logo.jpg","contentUrl":"https:\/\/espacesud.fr\/defi\/wp-content\/uploads\/sites\/16\/2025\/09\/logo.jpg","width":407,"height":250,"caption":"Le d\u00e9fi familles"},"image":{"@id":"https:\/\/espacesud.fr\/defi\/#\/schema\/logo\/image\/"}}]}},"_links":{"self":[{"href":"https:\/\/espacesud.fr\/defi\/wp-json\/wp\/v2\/pages\/67","targetHints":{"allow":["GET"]}}],"collection":[{"href":"https:\/\/espacesud.fr\/defi\/wp-json\/wp\/v2\/pages"}],"about":[{"href":"https:\/\/espacesud.fr\/defi\/wp-json\/wp\/v2\/types\/page"}],"author":[{"embeddable":true,"href":"https:\/\/espacesud.fr\/defi\/wp-json\/wp\/v2\/users\/3"}],"replies":[{"embeddable":true,"href":"https:\/\/espacesud.fr\/defi\/wp-json\/wp\/v2\/comments?post=67"}],"version-history":[{"count":0,"href":"https:\/\/espacesud.fr\/defi\/wp-json\/wp\/v2\/pages\/67\/revisions"}],"wp:attachment":[{"href":"https:\/\/espacesud.fr\/defi\/wp-json\/wp\/v2\/media?parent=67"}],"curies":[{"name":"wp","href":"https:\/\/api.w.org\/{rel}","templated":true}]}}